{"id":85,"date":"2020-01-04T19:42:17","date_gmt":"2020-01-04T19:42:17","guid":{"rendered":"http:\/\/wp.gampehof.de\/?page_id=85"},"modified":"2020-01-09T21:26:53","modified_gmt":"2020-01-09T21:26:53","slug":"kontakt","status":"publish","type":"page","link":"https:\/\/gampehof.de\/?page_id=85","title":{"rendered":"Kontakt"},"content":{"rendered":"\n<figure class=\"wp-block-table\"><table class=\"\"><tbody><tr><td>Anschrift<\/td><td class=\"has-text-align-center\" data-align=\"center\">Katja und Andr\u00e9 Gampe<br>Raudenitzer Berg 13<br>Ortsteil N\u00f6bdenitz<br>04626 N\u00f6bdenitz<\/td><\/tr><tr><td>Anfahrt<\/td><td class=\"has-text-align-center\" data-align=\"center\"><a href=\"\/?page_id=89\">So finden Sie uns&#8230;<\/a><\/td><\/tr><tr><td>Telefon<\/td><td class=\"has-text-align-center\" data-align=\"center\">+49 (0) 34496 23 23 9<\/td><\/tr><tr><td>Mobilfunk<\/td><td class=\"has-text-align-center\" data-align=\"center\">+49 (0) 179 75 84 009<\/td><\/tr><tr><td>Fax<\/td><td class=\"has-text-align-center\" data-align=\"center\">+49 (0) 34496 23 92 66<\/td><\/tr><tr><td>E-Mail<\/td><td class=\"has-text-align-center\" data-align=\"center\">k&#111;&#x6e;&#x74;&#x61;k&#116;&#64;&#x67;&#x61;m&#112;&#101;&#x68;&#x6f;f&#46;&#100;&#x65;<\/td><\/tr><\/tbody><\/table><\/figure>\n","protected":false},"excerpt":{"rendered":"<p>Anschrift Katja und Andr\u00e9 GampeRaudenitzer Berg 13Ortsteil N\u00f6bdenitz04626 N\u00f6bdenitz Anfahrt So finden Sie uns&#8230; Telefon +49 (0) 34496 23 23&hellip;<\/p>\n","protected":false},"author":1,"featured_media":243,"parent":0,"menu_order":0,"comment_status":"closed","ping_status":"closed","template":"","meta":[],"_links":{"self":[{"href":"https:\/\/gampehof.de\/index.php?rest_route=\/wp\/v2\/pages\/85"}],"collection":[{"href":"https:\/\/gampehof.de\/index.php?rest_route=\/wp\/v2\/pages"}],"about":[{"href":"https:\/\/gampehof.de\/index.php?rest_route=\/wp\/v2\/types\/page"}],"author":[{"embeddable":true,"href":"https:\/\/gampehof.de\/index.php?rest_route=\/wp\/v2\/users\/1"}],"replies":[{"embeddable":true,"href":"https:\/\/gampehof.de\/index.php?rest_route=%2Fwp%2Fv2%2Fcomments&post=85"}],"version-history":[{"count":6,"href":"https:\/\/gampehof.de\/index.php?rest_route=\/wp\/v2\/pages\/85\/revisions"}],"predecessor-version":[{"id":114,"href":"https:\/\/gampehof.de\/index.php?rest_route=\/wp\/v2\/pages\/85\/revisions\/114"}],"wp:featuredmedia":[{"embeddable":true,"href":"https:\/\/gampehof.de\/index.php?rest_route=\/wp\/v2\/media\/243"}],"wp:attachment":[{"href":"https:\/\/gampehof.de\/index.php?rest_route=%2Fwp%2Fv2%2Fmedia&parent=85"}],"curies":[{"name":"wp","href":"https:\/\/api.w.org\/{rel}","templated":true}]}}